{"id":313,"date":"2013-01-27T22:32:25","date_gmt":"2013-01-27T21:32:25","guid":{"rendered":"http:\/\/loeilduchatnoir.fr\/blog\/?page_id=313"},"modified":"2013-01-27T22:55:38","modified_gmt":"2013-01-27T21:55:38","slug":"meteo-ardechoise","status":"publish","type":"page","link":"https:\/\/loeilduchatnoir.fr\/blog\/?page_id=313","title":{"rendered":"M\u00e9t\u00e9o ard\u00e9choise"},"content":{"rendered":"<p>\n\tVous d&eacute;sirez organiser une sortie de p&ecirc;che en Ard&egrave;che, voici la m&eacute;t&eacute;o de quelques lieux.\n<\/p>\n<p>\n\t&nbsp;\n<\/p>\n<div id=\"cont_18cfc781ca0104fc8fbbbda8c7174490\" style=\"text-align: center;\">\n\t<span id=\"h_18cfc781ca0104fc8fbbbda8c7174490\">Meteo <a href=\"http:\/\/www.tameteo.com\/meteo_Aubenas-Europe-France-Ardeche--1-25935.html\" id=\"a_18cfc781ca0104fc8fbbbda8c7174490\" style=\"color:#808080;font-family:2;font-size:14px;\" target=\"_blank\">Aubenas<\/a><\/span><script type=\"text\/javascript\" src=\"http:\/\/www.tameteo.com\/wid_loader\/18cfc781ca0104fc8fbbbda8c7174490\"><\/script>\n<\/div>\n<p style=\"text-align: center;\">\n\t&nbsp;\n<\/p>\n<div id=\"cont_6f488414e0704ab75ce8035f55e27bc2\" style=\"text-align: center;\">\n\t<span id=\"h_6f488414e0704ab75ce8035f55e27bc2\">Meteo <a href=\"http:\/\/www.tameteo.com\/meteo_Burzet-Europe-France-Ardeche--1-37641.html\" id=\"a_6f488414e0704ab75ce8035f55e27bc2\" style=\"color:#808080;font-family:2;font-size:14px;\" target=\"_blank\">Burzet<\/a><\/span><script type=\"text\/javascript\" src=\"http:\/\/www.tameteo.com\/wid_loader\/6f488414e0704ab75ce8035f55e27bc2\"><\/script>\n<\/div>\n<p style=\"text-align: center;\">\n\t&nbsp;\n<\/p>\n<div id=\"cont_b1c83c88f6164a78f932d0c4179f879e\" style=\"text-align: center;\">\n\t<span id=\"h_b1c83c88f6164a78f932d0c4179f879e\">Meteo <a href=\"http:\/\/www.tameteo.com\/meteo_Lesperon-Europe-France-Ardeche--1-37744.html\" id=\"a_b1c83c88f6164a78f932d0c4179f879e\" style=\"color:#808080;font-family:2;font-size:14px;\" target=\"_blank\">Lesp&eacute;ron<\/a><\/span><script type=\"text\/javascript\" src=\"http:\/\/www.tameteo.com\/wid_loader\/b1c83c88f6164a78f932d0c4179f879e\"><\/script>\n<\/div>\n<p style=\"text-align: center;\">\n\t&nbsp;\n<\/p>\n<div id=\"cont_5614d3a3358d5f314a1234f34dd6e187\" style=\"text-align: center;\">\n\t<span id=\"h_5614d3a3358d5f314a1234f34dd6e187\">Meteo <a href=\"http:\/\/www.tameteo.com\/meteo_Montselgues-Europe-France-Ardeche--1-37765.html\" id=\"a_5614d3a3358d5f314a1234f34dd6e187\" style=\"color:#808080;font-family:2;font-size:14px;\" target=\"_blank\">Montselgues<\/a><\/span><script type=\"text\/javascript\" src=\"http:\/\/www.tameteo.com\/wid_loader\/5614d3a3358d5f314a1234f34dd6e187\"><\/script>\n<\/div>\n<p style=\"text-align: center;\">\n\t&nbsp;\n<\/p>\n<div id=\"cont_5e2971b905dcc039158e73af9a8ad525\" style=\"text-align: center;\">\n\t<span id=\"h_5e2971b905dcc039158e73af9a8ad525\">Meteo <a href=\"http:\/\/www.tameteo.com\/meteo_Pont+de+Labeaume-Europe-France-Ardeche--1-37777.html\" id=\"a_5e2971b905dcc039158e73af9a8ad525\" style=\"color:#808080;font-family:2;font-size:14px;\" target=\"_blank\">Pont-de-Labeaume<\/a><\/span><script type=\"text\/javascript\" src=\"http:\/\/www.tameteo.com\/wid_loader\/5e2971b905dcc039158e73af9a8ad525\"><\/script>\n<\/div>\n<p style=\"text-align: center;\">\n\t&nbsp;\n<\/p>\n<div id=\"cont_40838b66069c2d6b6c2165203505e609\" style=\"text-align: center;\">\n\t<span id=\"h_40838b66069c2d6b6c2165203505e609\">Meteo <a href=\"http:\/\/www.tameteo.com\/meteo_Rochemaure-Europe-France-Ardeche--1-37787.html\" id=\"a_40838b66069c2d6b6c2165203505e609\" style=\"color:#808080;font-family:2;font-size:14px;\" target=\"_blank\">Rochemaure<\/a><\/span><script type=\"text\/javascript\" src=\"http:\/\/www.tameteo.com\/wid_loader\/40838b66069c2d6b6c2165203505e609\"><\/script>\n<\/div>\n<p style=\"text-align: center;\">\n\t&nbsp;\n<\/p>\n<div id=\"cont_453751eb391b3a0ab1a38e1cc0945690\" style=\"text-align: center;\">\n\t<span id=\"h_453751eb391b3a0ab1a38e1cc0945690\">Meteo <a href=\"http:\/\/www.tameteo.com\/meteo_Sablieres-Europe-France-Ardeche--1-37796.html\" id=\"a_453751eb391b3a0ab1a38e1cc0945690\" style=\"color:#808080;font-family:2;font-size:14px;\" target=\"_blank\">Sabli&egrave;res<\/a><\/span><script type=\"text\/javascript\" src=\"http:\/\/www.tameteo.com\/wid_loader\/453751eb391b3a0ab1a38e1cc0945690\"><\/script>\n<\/div>\n<p style=\"text-align: center;\">\n\t&nbsp;\n<\/p>\n<div id=\"cont_8abf6180f6dc0cbe7ff9b7af0ebe5a35\" style=\"text-align: center;\">\n\t<span id=\"h_8abf6180f6dc0cbe7ff9b7af0ebe5a35\">Meteo <a href=\"http:\/\/www.tameteo.com\/meteo_Uzer-Europe-France-Ardeche--1-37913.html\" id=\"a_8abf6180f6dc0cbe7ff9b7af0ebe5a35\" style=\"color:#808080;font-family:2;font-size:14px;\" target=\"_blank\">Uzer<\/a><\/span><script type=\"text\/javascript\" src=\"http:\/\/www.tameteo.com\/wid_loader\/8abf6180f6dc0cbe7ff9b7af0ebe5a35\"><\/script>\n<\/div>\n<p style=\"text-align: center;\">\n\t&nbsp;\n<\/p>\n<div id=\"cont_508e7d7bb5a25cad5b74ecdfda716f83\" style=\"text-align: center;\">\n\t<span id=\"h_508e7d7bb5a25cad5b74ecdfda716f83\">Meteo <a href=\"http:\/\/www.tameteo.com\/meteo_Valgorge-Europe-France-Ardeche--1-37915.html\" id=\"a_508e7d7bb5a25cad5b74ecdfda716f83\" style=\"color:#808080;font-family:2;font-size:14px;\" target=\"_blank\">Valgorge<\/a><\/span><script type=\"text\/javascript\" src=\"http:\/\/www.tameteo.com\/wid_loader\/508e7d7bb5a25cad5b74ecdfda716f83\"><\/script>\n<\/div>\n<div class=\"rtsocial-container rtsocial-container-align-center rtsocial-icon-count\"><div class=\"rtsocial-twitter-icon\"> <div class=\"rtsocial-twitter-icon-button\"><a title=\"Tweet: M\u00e9t\u00e9o ard\u00e9choise\" class=\"rtsocial-twitter-icon-link\" href= \"https:\/\/twitter.com\/share?text=M%C3%A9t%C3%A9o%20ard%C3%A9choise&url=https%3A%2F%2Floeilduchatnoir.fr%2Fblog%2F%3Fpage_id%3D313\" target= \"_blank\"><\/a><\/div><\/div><div class=\"rtsocial-fb-icon\" class=\"\"> <div class=\"rtsocial-fb-icon-button\"><a title=\"Share: M\u00e9t\u00e9o ard\u00e9choise\" class=\"rtsocial-fb-icon-link\" href=\"https:\/\/www.facebook.com\/sharer.php?u=https%3A%2F%2Floeilduchatnoir.fr%2Fblog%2F%3Fpage_id%3D313\" target= \"_blank\"><\/a><\/div><div class=\"rtsocial-horizontal-count\"><div class=\"rtsocial-horizontal-notch\"><\/div><span class=\"rtsocial-fb-count\"><\/span><\/div><\/div><a rel=\"nofollow\" class=\"perma-link\" href=\"https:\/\/loeilduchatnoir.fr\/blog\/?page_id=313\" title=\"M\u00e9t\u00e9o ard\u00e9choise\"><\/a><input type=\"hidden\" name=\"rts_id\" class=\"rts_id\" value=\"313\" \/><input type=\"hidden\" id=\"rts_media_nonce\" name=\"rts_media_nonce\" value=\"535ab8656f\" \/><input type=\"hidden\" name=\"_wp_http_referer\" value=\"\/blog\/index.php?rest_route=%2Fwp%2Fv2%2Fpages%2F313\" \/><\/div>","protected":false},"excerpt":{"rendered":"<p>Vous d&eacute;sirez organiser une sortie de p&ecirc;che en Ard&egrave;che, voici la m&eacute;t&eacute;o de quelques lieux. &nbsp; Meteo Aubenas &nbsp; Meteo Burzet &nbsp; Meteo Lesp&eacute;ron &nbsp; Meteo Montselgues &nbsp; Meteo Pont-de-Labeaume &nbsp; Meteo Rochemaure &nbsp; Meteo Sabli&egrave;res &nbsp; Meteo Uzer &nbsp; <span class=\"excerpt-dots\">&hellip;<\/span> <a class=\"more-link\" href=\"https:\/\/loeilduchatnoir.fr\/blog\/?page_id=313\"><span class=\"more-msg\">Lire la suite &rarr;<\/span><\/a><\/p>\n<div class=\"rtsocial-container rtsocial-container-align-center rtsocial-icon-count\">\n<div class=\"rtsocial-twitter-icon\">\n<div class=\"rtsocial-twitter-icon-button\"><a title=\"Tweet: M\u00e9t\u00e9o ard\u00e9choise\" class=\"rtsocial-twitter-icon-link\" href= \"https:\/\/twitter.com\/share?text=M%C3%A9t%C3%A9o%20ard%C3%A9choise&#038;url=https%3A%2F%2Floeilduchatnoir.fr%2Fblog%2F%3Fpage_id%3D313\" target= \"_blank\"><\/a><\/div>\n<\/div>\n<div class=\"rtsocial-fb-icon\" class=\"\">\n<div class=\"rtsocial-fb-icon-button\"><a title=\"Share: M\u00e9t\u00e9o ard\u00e9choise\" class=\"rtsocial-fb-icon-link\" href=\"https:\/\/www.facebook.com\/sharer.php?u=https%3A%2F%2Floeilduchatnoir.fr%2Fblog%2F%3Fpage_id%3D313\" target= \"_blank\"><\/a><\/div>\n<div class=\"rtsocial-horizontal-count\">\n<div class=\"rtsocial-horizontal-notch\"><\/div>\n<p><span class=\"rtsocial-fb-count\"><\/span><\/div>\n<\/div>\n<p><a rel=\"nofollow\" class=\"perma-link\" href=\"https:\/\/loeilduchatnoir.fr\/blog\/?page_id=313\" title=\"M\u00e9t\u00e9o ard\u00e9choise\"><\/a><input type=\"hidden\" name=\"rts_id\" class=\"rts_id\" value=\"313\" \/><input type=\"hidden\" id=\"rts_media_nonce\" name=\"rts_media_nonce\" value=\"535ab8656f\" \/><input type=\"hidden\" name=\"_wp_http_referer\" value=\"\/blog\/index.php?rest_route=%2Fwp%2Fv2%2Fpages%2F313\" \/><\/div>\n","protected":false},"author":2,"featured_media":0,"parent":0,"menu_order":0,"comment_status":"closed","ping_status":"closed","template":"","meta":{"_acf_changed":false,"footnotes":""},"class_list":["post-313","page","type-page","status-publish","hentry"],"acf":[],"_links":{"self":[{"href":"https:\/\/loeilduchatnoir.fr\/blog\/index.php?rest_route=\/wp\/v2\/pages\/313","targetHints":{"allow":["GET"]}}],"collection":[{"href":"https:\/\/loeilduchatnoir.fr\/blog\/index.php?rest_route=\/wp\/v2\/pages"}],"about":[{"href":"https:\/\/loeilduchatnoir.fr\/blog\/index.php?rest_route=\/wp\/v2\/types\/page"}],"author":[{"embeddable":true,"href":"https:\/\/loeilduchatnoir.fr\/blog\/index.php?rest_route=\/wp\/v2\/users\/2"}],"replies":[{"embeddable":true,"href":"https:\/\/loeilduchatnoir.fr\/blog\/index.php?rest_route=%2Fwp%2Fv2%2Fcomments&post=313"}],"version-history":[{"count":7,"href":"https:\/\/loeilduchatnoir.fr\/blog\/index.php?rest_route=\/wp\/v2\/pages\/313\/revisions"}],"predecessor-version":[{"id":315,"href":"https:\/\/loeilduchatnoir.fr\/blog\/index.php?rest_route=\/wp\/v2\/pages\/313\/revisions\/315"}],"wp:attachment":[{"href":"https:\/\/loeilduchatnoir.fr\/blog\/index.php?rest_route=%2Fwp%2Fv2%2Fmedia&parent=313"}],"curies":[{"name":"wp","href":"https:\/\/api.w.org\/{rel}","templated":true}]}}